(w) = -w**2 - 1459*w + 492823. What is c(283)?
-163
Let p(c) = 4*c**3 + 12*c**2 + 178*c + 3532. Calculate p(-9).
-14
Let g(t) = 15*t**2 - 302*t + 1505. Calculate g(10).
-15
Let b(n) = -n**3 - 89*n**2 - 1952*n + 748. Determine b(-48).
-20
Let n(a) = -13270*a + 79629. Determine n(6).
9
Let n(j) = -516*j**2 - 14475*j - 27540. Give n(-26).
-6
Let h(i) = 156*i**2 + 1499*i - 606. What is h(-10)?
4
Let h(g) = 17*g**2 - 2108*g + 629. Give h(127).
7106
Let u(k) = 3*k**2 - 1894*k + 14913. Calculate u(8).
-47
Let v(i) = i**2 - 1131. Give v(-33).
-42
Let u(m) = 106*m**2 - 1070*m - 1084. What is u(-1)?
92
Let d(w) = -2*w**2 + 1352*w + 122641. What is d(-81)?
7
Let c(r) = -292*r**2 - 2*r + 14. Determine c(0).
14
Let u(z) = 2*z**2 - 1505*z + 149279. Give u(635).
54
Let x(j) = 44*j**3 + 531*j**2 - 52*j - 826. Give x(-12).
230
Let s(b) = -21*b**2 + 127*b + 34. What is s(-8)?
-2326
Let d(r) = 109*r**3 - 4*r**2 - r - 2. Calculate d(1).
102
Let f(h) = -1327*h - 49094. Give f(-37).
5
Let p(f) = 6*f**2 - 1374*f - 26884. Calculate p(-20).
2996
Let r(q) = -3*q**3 - 116*q**2 - 147*q - 226. Calculate r(-37).
-1632
Let r(f) = -f**3 - 144*f**2 + 30542*f + 1319. What is r(-261)?
14
Let k(v) = -v**3 + 2*v**2 + 13651*v - 54621. Determine k(4).
-49
Let z(x) = x**2 + 47*x + 417. Give z(-54).
795
Let j(i) = 2*i**3 - 73*i**2 - 590*i + 1340. What is j(43)?
7
Let i(v) = -v**2 + 86*v + 504. Determine i(93).
-147
Let j(l) = 10*l**2 + 1026*l - 111341. Calculate j(66).
-65
Let a(c) = 152226*c + 152167. Give a(-1).
-59
Let c(o) = o**2 - 1395*o - 21134. What is c(-15)?
16
Let p(y) = -y**3 - 23*y**2 - 198*y + 87. Determine p(-14).
1095
Let t(a) = -a**3 + 2*a**2 - 806*a + 11135. Calculate t(12).
23
Let j(d) = 17*d**3 + 281*d**2 + 693*d + 18. Give j(-3).
9
Let q(o) = 6*o**2 + 347*o + 4326. Determine q(-18).
24
Let s(w) = 2*w**3 + 164*w**2 + 784*w + 1099. Give s(-77).
21
Let h(c) = 920*c - 6804. Calculate h(7).
-364
Let r(u) = u**3 - 35*u**2 - 91*u + 2243. Give r(25).
-6282
Let g(k) = -686*k - 116622. What is g(-170)?
-2
Let d(p) = 4*p**2 - 2503*p + 270630. What is d(139)?
-3
Let b(x) = 2406*x**2 + 52965*x + 712. Determine b(-22).
-14
Let s(u) = -3*u**2 + 4046*u - 20136. What is s(5)?
19
Let s(k) = -5781*k + 19587. Calculate s(3).
2244
Let i(m) = -3109*m + 59227. Give i(19).
156
Let n(h) = 12326*h**2 - 542344*h + 74. Calculate n(44).
74
Let o(y) = -6771*y - 1726608. Calculate o(-255).
-3
Let t(v) = 862*v + 16055. Calculate t(-19).
-323
Let t(c) = -5*c**3 - 4652*c**2 - 4642*c + 10. Calculate t(-1).
5
Let g(h) = 2*h**2 - 3038*h - 396867. Determine g(-121).
13
Let l(u) = -u**3 + 43*u**2 - 14*u + 680. Give l(43).
78
Let t(w) = 73*w**2 - 803*w + 2. Calculate t(11).
2
Let x(t) = t**2 + 1069*t - 6307. Give x(6).
143
Let v(y) = 7*y**2 - 1341*y + 826. Give v(191).
62
Let n(x) = 2303*x + 7861. What is n(-2)?
3255
Let d(o) = -o**3 - 12*o**2 + 26*o + 504. Determine d(-9).
27
Let a(t) = -t**2 - 55*t + 5382. Calculate a(-104).
286
Let m(t) = 12*t**2 + 178*t + 703. Determine m(-5).
113
Let j(p) = -1264*p - 112484. Determine j(-89).
12
Let d(g) = 413*g - 1531. Give d(3).
-292
Let k(h) = -h**2 - 173*h - 7178. Give k(-91).
284
Let t(y) = -736*y - 850. Determine t(-1).
-114
Let q(s) = 63*s**3 + 9199*s**2 - 225*s - 54163. Give q(-146).
3
Let g(p) = -84*p + 2062. What is g(20)?
382
Let a(z) = -24*z**2 + 2862*z + 14143. Determine a(124).
7
Let j(h) = 100*h**2 - 586*h - 252. Give j(6).
-168
Let g(j) = 26*j**2 + 2477*j - 12298. Calculate g(-100).
2
Let a(v) = -2*v**2 + 460*v + 4782. Determine a(-10).
-18
Let k(r) = 14951*r + 598028. Determine k(-40).
-12
Let q(d) = -39*d**2 - 22*d + 3665. Calculate q(-10).
-15
Let w(l) = 14*l**2 - 901*l + 5073. Give w(6).
171
Let a(j) = j**2 + 4208*j - 613219. What is a(141)?
-10
Let r(t) = t**2 + 25032*t + 375240. Give r(-15).
-15
Let v(c) = 18*c - 1988. Determine v(-22).
-2384
Let i(y) = 1734*y**3 - 14*y**2 - 228*y + 240. Determine i(1).
1732
Let k(h) = -11*h**3 - 1067*h**2 + 133*h + 12903. Determine k(-97).
2
Let z(s) = 1228*s + 9916. Give z(-8).
92
Let g(z) = -2*z**3 + 39*z**2 - 49*z + 1378. Calculate g(20).
-2
Let f(b) = 2*b**3 - 16*b**2 - 379*b - 667. Give f(19).
74
Let u(i) = i**3 - 60*i**2 + 262*i + 712. Give u(55).
-3
Let z(j) = -1922*j - 53792. What is z(-28)?
24
Let j(h) = -h**2 + 378*h - 20378. Calculate j(66).
214
Let l(k) = -k**3 + 44*k**2 - 92*k + 750. Determine l(42).
414
Let d(h) = -955*h - 4656. Give d(-5).
119
Let f(t) = -14*t**2 - 267*t - 1248. Give f(-7).
-65
Let l(y) = 2*y**3 - 452*y**2 - 922*y + 2269. Give l(228).
-11
Let s(t) = 791*t + 387574. Give s(-490).
-16
Let l(b) = 187*b - 5018. Determine l(34).
1340
Let n(z) = -7*z**3 + 36*z**2 + 11*z + 12. Give n(-3).
492
Let d(t) = t**2 - 487*t + 5275. Calculate d(11).
39
Let z(j) = -34387*j - 928444. Determine z(-27).
5
Let q(v) = -943*v + 13935. What is q(14)?
733
Let x(w) = -11308*w - 45138. What is x(-4)?
94
Let p(n) = 3179*n**2 + 34979*n + 164. What is p(-11)?
54
Let g(l) = -4*l**2 - 420*l - 2173. What is g(-5)?
-173
Let n(j) = -60*j**2 + 814*j - 396. What is n(13)?
46
Let r(l) = 1278*l - 92026. Give r(72).
-10
Let h(v) = -v**2 - 38*v + 512. What is h(-33)?
677
Let t(g) = -g**3 - 79*g**2 - 1309*g - 1171. Calculate t(-56).
5
Let z(t) = -72451*t + 579517. Determine z(8).
-91
Let j(l) = 2*l**2 + 172*l - 4426. Calculate j(-111).
1124
Let z(m) = 3323*m + 196202. What is z(-59)?
145
Let r(x) = 28652*x - 458504. Determine r(16).
-72
Let f(i) = 228*i**3 - 8*i**2 + 62*i - 117. Calculate f(2).
1799
Let v(r) = 4*r**3 - 1032*r + 105. Calculate v(16).
-23
Let a(q) = -11*q**2 + 1308*q + 1308. Determine a(-1).
-11
Let r(n) = n**2 - 901*n + 1802. Determine r(2).
4
Let h(w) = w**2 + 79*w + 3013. Determine h(-62).
1959
Let y(u) = -1105*u**2 + 7688*u + 101. Give y(7).
-228
Let f(t) = -19*t**2 - 260*t + 24. What is f(-17)?
-1047
Let f(z) = 5*z**3 - 97*z**2 + 17*z + 389. Determine f(19).
-10
Let m(i) = 2*i**3 + 56*i**2 + 4158*i + 105451. Determine m(-26).
47
Let c(m) = 19*m**2 + 474*m + 3773. Determine c(-8).
1197
Let q(f) = 2806*f + 17106. Determine q(-6).
270
Let h(x) = 3*x**3 - 1439*x**2 - 465*x - 7203. What is h(480)?
-3
Let p(z) = 8421*z - 10762031. Give p(1278).
7
Let i(x) = -4844*x - 15120. Calculate i(-3).
-588
Let j(g) = -4*g**2 - 251*g - 2286. Determine j(-47).
675
Let f(y) = 2*y**2 - 443*y + 22054. Calculate f(146).
8
Let h(m) = m**3 - 13*m**2 - 61*m + 904. Determine h(10).
-6
Let k(r) = -3*r**3 - 411*r**2 - 4841*r - 641. Give k(-124).
-21
Let u(n) = -452*n**2 + 159*n + 66. Calculate u(2).
-1424
Let z(s) = -48*s + 4759. Determine z(99).
7
Let j(d) = -3*d**3 + 40*d**2 + 695*d - 636. What is j(23)?
8
Let b(m) = -5*m**2 + 194*m - 1015. Give b(24).
761
Let c(w) = w**3 - 13*w**2 + 40*w - 144. What is c(7)?
-158
Let s(v) = 4*v**3 - 33*v**2 - 53*v + 60. Give s(10).
230
Let f(v) = 25421*v - 838716. What is f(33)?
177
Let f(r) = 87*r**2 - 708*r + 15. What is f(8)?
-81
Let q(i) = i**2 - 74316*i + 891644. Give q(12).
-4
Let b(i) = -i**3 - 84*i**2 + 549*i + 910. What is b(-90)?
100
Let k(u) = -699*u + 47492. Give k(70).
-1438
Let p(m) = m**3 + 263*m**2 + 1063*m + 7659. Give p(-259).
666
Let u(q) = q**2 - 2*q - 11475. What is u(-106)?
-27
Let n(l) = 2101*l + 24926. What is n(-12)?
-286
Let v(h) = -h**2 - 44*h + 127. Give v(-69).
-1598
Let h(c) = 4*c**2 + 42*c - 1788. What is h(23)?
1294
Let h(u) = 36*u**2 - 14621*u + 2019. Calculate h(406).
-11
Let f(n) = -140*n - 40940. What is f(-278)?
-2020
Let z(p) = -208244*p - 416534. Give z(-2).
-46
Let g(t) = 4*t**2 + 233*t - 3716. What is g(-62)?
-2786
Let a(n) = 666*n + 25007. Calculate a(-36).
1031
Let s(g) = 376*g - 59216. Determine s(158).
192
Let n(y) = y**2 + 86*y + 126. Determine n(0).
126
Let j(r) = 40*r**2 + 618*r - 452. Give j(-17).
602
Let i(d) = 344*d**2 + 3211*d + 5613. Calculate i(-7).
-8
Let c(g) = -59611*g - 178867. Give c(-3).
-34
Let q(u) = u**3 + 35*u**2 + 747*u + 4239. What is q(-8)?
-9
Let z(f) = -353*f - 48386. Determine z(-137).
-25
Let y(j) = -7*j**2 + 1868*j - 19445. Calculate y(256).
11
Let b(z) = -z**3 - 422*z**2 - 29144*z + 120. Give b(-87).
33
Let d(v) = 88*v**2 - 2*v + 43. What is d(-4)?
1459
Let o(c) = -10*c**3 + 10*c**2 - 9*c - 554. Give o(0).
-554
Let l(c) = -3*c**3 + 123*c**2 + 20*c - 770. Calculate l(41).
50
Let n(m) = -4*m**2 - 6382*m + 428264. Giv